{"id":30,"date":"2022-10-25T22:03:20","date_gmt":"2022-10-25T22:03:20","guid":{"rendered":"https:\/\/boetschi-immobilien.ch\/?page_id=30"},"modified":"2023-04-26T12:56:02","modified_gmt":"2023-04-26T12:56:02","slug":"bueroflaechen","status":"publish","type":"page","link":"https:\/\/boetschi-immobilien.ch\/index.php\/bueroflaechen\/","title":{"rendered":"B\u00fcrofl\u00e4chen"},"content":{"rendered":"<p><img fetchpriority=\"high\" decoding=\"async\" class=\"aligncenter wp-image-489 size-full\" src=\"https:\/\/boetschi-immobilien.ch\/wp-content\/uploads\/2023\/04\/OG-Grundriss.jpg\" alt=\"\" width=\"1753\" height=\"1240\" srcset=\"https:\/\/boetschi-immobilien.ch\/wp-content\/uploads\/2023\/04\/OG-Grundriss.jpg 1753w, https:\/\/boetschi-immobilien.ch\/wp-content\/uploads\/2023\/04\/OG-Grundriss-300x212.jpg 300w, https:\/\/boetschi-immobilien.ch\/wp-content\/uploads\/2023\/04\/OG-Grundriss-1024x724.jpg 1024w, https:\/\/boetschi-immobilien.ch\/wp-content\/uploads\/2023\/04\/OG-Grundriss-768x543.jpg 768w, https:\/\/boetschi-immobilien.ch\/wp-content\/uploads\/2023\/04\/OG-Grundriss-1536x1087.jpg 1536w\" sizes=\"(max-width: 1753px) 100vw, 1753px\" \/><\/p>\n<p style=\"font-variant-caps: normal; font-family: Roboto, sans-serif; font-size: 15px; font-style: normal;\">Das B\u00fcro verf\u00fcgt \u00fcber ein einmaliges Raumgef\u00fchl mit einer \u00fcberhohen Dachschr\u00e4ge, die jeden Raum einzigartig pr\u00e4gt. Durch die grossz\u00fcgigen Fenster werden die R\u00e4ume mit viel Tageslicht ausgel\u00e4uchtet. Das B\u00fcro 2 setzt sich durch eine K\u00fcche, Nasszellen, einen Lagerraum und eine Fl\u00e4che f\u00fcr 8 Arbeitspl\u00e4tze zusammen. Es befinden sich gen\u00fcgend Elektroanschl\u00fcsse in den R\u00e4umen um diese flexibel zu nutzen. Das B\u00fcrogeschoss ist \u00fcber den Lift sowie die Aussentreppe erschlossen. Im Aussenbereich befinden sich Besucherparkpl\u00e4tze die frei genutzt werden k\u00f6nnen.<\/p>\n<p style=\"font-variant-caps: normal; font-family: Roboto, sans-serif; font-size: 15px; font-style: normal;\">Der Bau befindet sich im Rohbau und kann nach Wunsch besichtigt werden.<\/p>\n","protected":false},"excerpt":{"rendered":"<p>Das B\u00fcro verf\u00fcgt \u00fcber ein einmaliges Raumgef\u00fchl mit einer \u00fcberhohen Dachschr\u00e4ge, die jeden Raum einzigartig pr\u00e4gt. Durch die grossz\u00fcgigen Fenster werden die R\u00e4ume mit viel Tageslicht ausgel\u00e4uchtet. Das B\u00fcro 2 setzt sich durch eine K\u00fcche, Nasszellen, einen Lagerraum und eine Fl\u00e4che f\u00fcr 8 Arbeitspl\u00e4tze zusammen. Es befinden sich gen\u00fcgend Elektroanschl\u00fcsse in den R\u00e4umen um diese [&hellip;]<\/p>\n","protected":false},"author":1,"featured_media":0,"parent":0,"menu_order":5,"comment_status":"closed","ping_status":"closed","template":"","meta":{"ocean_post_layout":"full-width","ocean_both_sidebars_style":"","ocean_both_sidebars_content_width":0,"ocean_both_sidebars_sidebars_width":0,"ocean_sidebar":"0","ocean_second_sidebar":"0","ocean_disable_margins":"enable","ocean_add_body_class":"","ocean_shortcode_before_top_bar":"","ocean_shortcode_after_top_bar":"","ocean_shortcode_before_header":"","ocean_shortcode_after_header":"","ocean_has_shortcode":"","ocean_shortcode_after_title":"","ocean_shortcode_before_footer_widgets":"","ocean_shortcode_after_footer_widgets":"","ocean_shortcode_before_footer_bottom":"","ocean_shortcode_after_footer_bottom":"","ocean_display_top_bar":"off","ocean_display_header":"default","ocean_header_style":"","ocean_center_header_left_menu":"0","ocean_custom_header_template":"0","ocean_custom_logo":0,"ocean_custom_retina_logo":0,"ocean_custom_logo_max_width":0,"ocean_custom_logo_tablet_max_width":0,"ocean_custom_logo_mobile_max_width":0,"ocean_custom_logo_max_height":0,"ocean_custom_logo_tablet_max_height":0,"ocean_custom_logo_mobile_max_height":0,"ocean_header_custom_menu":"0","ocean_menu_typo_font_family":"0","ocean_menu_typo_font_subset":"","ocean_menu_typo_font_size":0,"ocean_menu_typo_font_size_tablet":0,"ocean_menu_typo_font_size_mobile":0,"ocean_menu_typo_font_size_unit":"px","ocean_menu_typo_font_weight":"","ocean_menu_typo_font_weight_tablet":"","ocean_menu_typo_font_weight_mobile":"","ocean_menu_typo_transform":"","ocean_menu_typo_transform_tablet":"","ocean_menu_typo_transform_mobile":"","ocean_menu_typo_line_height":0,"ocean_menu_typo_line_height_tablet":0,"ocean_menu_typo_line_height_mobile":0,"ocean_menu_typo_line_height_unit":"","ocean_menu_typo_spacing":0,"ocean_menu_typo_spacing_tablet":0,"ocean_menu_typo_spacing_mobile":0,"ocean_menu_typo_spacing_unit":"","ocean_menu_link_color":"","ocean_menu_link_color_hover":"","ocean_menu_link_color_active":"","ocean_menu_link_background":"","ocean_menu_link_hover_background":"","ocean_menu_link_active_background":"","ocean_menu_social_links_bg":"","ocean_menu_social_hover_links_bg":"","ocean_menu_social_links_color":"","ocean_menu_social_hover_links_color":"","ocean_disable_title":"default","ocean_disable_heading":"enable","ocean_post_title":"","ocean_post_subheading":"","ocean_post_title_style":"centered","ocean_post_title_background_color":"","ocean_post_title_background":0,"ocean_post_title_bg_image_position":"","ocean_post_title_bg_image_attachment":"","ocean_post_title_bg_image_repeat":"","ocean_post_title_bg_image_size":"","ocean_post_title_height":0,"ocean_post_title_bg_overlay":0.5,"ocean_post_title_bg_overlay_color":"","ocean_disable_breadcrumbs":"off","ocean_breadcrumbs_color":"","ocean_breadcrumbs_separator_color":"","ocean_breadcrumbs_links_color":"","ocean_breadcrumbs_links_hover_color":"","ocean_display_footer_widgets":"off","ocean_display_footer_bottom":"off","ocean_custom_footer_template":"0","footnotes":""},"class_list":["post-30","page","type-page","status-publish","hentry","entry"],"_links":{"self":[{"href":"https:\/\/boetschi-immobilien.ch\/index.php\/wp-json\/wp\/v2\/pages\/30","targetHints":{"allow":["GET"]}}],"collection":[{"href":"https:\/\/boetschi-immobilien.ch\/index.php\/wp-json\/wp\/v2\/pages"}],"about":[{"href":"https:\/\/boetschi-immobilien.ch\/index.php\/wp-json\/wp\/v2\/types\/page"}],"author":[{"embeddable":true,"href":"https:\/\/boetschi-immobilien.ch\/index.php\/wp-json\/wp\/v2\/users\/1"}],"replies":[{"embeddable":true,"href":"https:\/\/boetschi-immobilien.ch\/index.php\/wp-json\/wp\/v2\/comments?post=30"}],"version-history":[{"count":14,"href":"https:\/\/boetschi-immobilien.ch\/index.php\/wp-json\/wp\/v2\/pages\/30\/revisions"}],"predecessor-version":[{"id":495,"href":"https:\/\/boetschi-immobilien.ch\/index.php\/wp-json\/wp\/v2\/pages\/30\/revisions\/495"}],"wp:attachment":[{"href":"https:\/\/boetschi-immobilien.ch\/index.php\/wp-json\/wp\/v2\/media?parent=30"}],"curies":[{"name":"wp","href":"https:\/\/api.w.org\/{rel}","templated":true}]}}